it of 0 - (-1 - 0)/l?
1
What is the tens digit of (2/(-8))/(1/(-116))?
2
Let f(b) = -b**2 + 3*b + 5. Let u be f(3). Suppose u*c + 2*v - 105 = 0, 2*c + 4*v = -0*c + 26. What is the tens digit of c?
2
Suppose 2 = i - 0. Suppose -w + 6*w = 5*u - 20, -i*u - w + 11 = 0. Suppose 0 = -s - 4*s - u*j + 20, j = 2*s - 2. What is the units digit of s?
2
Let d = -3 - -1. Let b be -1 - -4 - (d - -3). What is the tens digit of 38/4 + b/4?
1
Let s be (-5)/1*-2*2. Suppose 5*p = 20 + s. Let z = p + -7. What is the units digit of z?
1
Let k(v) = v**2 + 4*v + 2. Let i be k(-5). Suppose 3 + 9 = 3*p. Let t = i - p. What is the units digit of t?
3
Let y(k) = -k**2 - 6*k - 3. Let r be y(-5). Suppose m = -r*m + 108. What is the tens digit of m?
3
Let i(o) = 5*o**3 - o**2. Let u be i(1). Suppose k - 5 = -u*k, -2*w + 19 = 3*k. Let m(q) = q**2 - 7*q - 2. What is the units digit of m(w)?
6
Suppose -2*b = -0*b - 6. Suppose 10 = 3*a - 4*w - 9, 0 = -2*a - b*w + 7. What is the units digit of a?
5
Let q(g) = g**3 + 8*g**2 + 4*g + 3. Let y be q(-7). Suppose 3*k = -k + 144. Suppose -s = -2*j - 20, 3*s + 5*j - y = k. What is the tens digit of s?
2
Suppose q - 4*q + 15 = 0, 0 = -4*v + 4*q. Suppose -5*f - 25 = -v*a - 0*f, -4*a - 4*f = -4. Suppose -a*u + 69 - 15 = 0. What is the tens digit of u?
1
Suppose 11 = -4*n - 3*f, 0 = -3*n + 2*n - 3*f - 14. What is the units digit of -6*(1 + -2)/n?
6
Suppose 0*b - 3 = b. Let t = b + 9. What is the units digit of t?
6
Suppose -4*s + s + 12 = 0, 0 = 5*h - 5*s - 1090. What is the units digit of h?
2
Suppose 5*c - 3*i + 1 = -0*c, c - 9 = -4*i. Let x = c - -5. What is the units digit of x?
6
Let l(r) = 6*r + 7. What is the tens digit of l(4)?
3
Let s be ((-108)/45)/((-2)/10). Suppose -i + x = -10, s = 2*i + x - 17. Let p = 29 - i. What is the tens digit of p?
1
Let l = 334 + -134. Suppose -5*s - y = 296, 3*s + y - 6*y = -l. What is the units digit of 2/6 - s/9?
7
Let v(q) = 11*q**2 + q - 1. Let c be v(1). Suppose c = 3*o - 22. Let n = o + 2. What is the tens digit of n?
1
Suppose 4*v = 7 + 1. Suppose 0 = 2*k - 4 + v, -5*y = -k - 29. What is the units digit of (0 + y)/(-3)*-4?
8
Let f = 12 + -9. Suppose -3*j + 2*t = -31, 3*t - 47 = -f*j - j. What is the tens digit of j?
1
Let a be -1*3 + 14/2. Suppose a = 5*r - 26. What is the units digit of r?
6
What is the units digit of (84/20)/1*5?
1
Let j = 3 - -10. Suppose -b + 5*v + j = 0, 0 = -b - 4*b - 2*v + 65. What is the units digit of b?
3
What is the units digit of (2/4)/(163/(-82) - -2)?
1
Let l(q) be the third derivative of -q**5/60 + q**4/4 + 7*q**3/6 + q**2. Let m be l(7). Suppose m*c = 5*c - 30. What is the units digit of c?
6
Let m = 4 - 1. Suppose 0 = -4*p - b - b + 78, 0 = -m*p + b + 56. What is the units digit of p?
9
Let b(j) = -j**3 - 7*j**2 - 6*j + 3. Suppose 2*f = -3*c + 30, 3*c - 4*f - 22 - 26 = 0. Suppose 2*g = -c - 0. What is the units digit of b(g)?
3
Suppose d + 5*z + 19 = 4*d, 2*z + 7 = d. Suppose o + 4*l = 1, 2*o + 1 = d*o - 5*l. What is the units digit of o?
1
Let x = -1 - -3. Suppose 1 - 9 = -x*r. Suppose -i = r*g - 27, -2*g - 5*i + 14 - 5 = 0. What is the units digit of g?
7
Suppose 0 = -3*q + 7*q + 56. Let l = q - -44. What is the units digit of l?
0
Let t = 11 + -11. What is the tens digit of 12 - t*(-3)/12?
1
Suppose 0*i + i = 0. Let w be ((-2)/2)/(i - -1). What is the units digit of (-1)/(w/((-2)/(-2)))?
1
What is the tens digit of -1*(3 - (28 + 3))?
2
Suppose -v + 40 = v. What is the tens digit of v?
2
Let i(l) = l**3 + l. Let g(f) = f**3 - 4*f**2 - 5*f + 1. Let h be 2/7 - 33/(-7). Let y be g(h). What is the units digit of i(y)?
2
Suppose -7 = -4*s + 5. Suppose s*f - 5 = -2*f. What is the units digit of f?
1
What is the tens digit of (-40)/(-1*(-1)/(-1))?
4
Let a(s) = 3 + 10 - 4 - 10*s**2 + s**2 - s**3. What is the units digit of a(-9)?
9
Suppose p = 3*x + 2*x - 5, -x = 3*p - 49. Let z(n) = n - 1. Let o(k) = -18*k + 12. Let b(m) = p*z(m) + o(m). What is the units digit of b(-3)?
6
Suppose q = 3*h + 21, -5*q + h + 15 = -20. Let n(z) = 3*z - 8. What is the units digit of n(q)?
0
Suppose -2*d - 5*n + 2*n + 69 = 0, -135 = -5*d + 5*n. What is the tens digit of d?
3
Let d = 28 - 18. Suppose 0 = -2*j + 20 + d. What is the tens digit of j?
1
Suppose -3*g + 4 = 1. Let a = -9 - -5. What is the units digit of g*(a - -2) + 8?
6
Let g = -59 + 109. What is the units digit of g?
0
Suppose 0 = -4*v + 3*v + 5. Let f = v - 4. What is the units digit of (f - 2)/(-1) - 0?
1
Suppose -25 = 4*w + 5*s, 2*s - 4*s = -3*w + 10. Let x = 4 + w. What is the units digit of x?
4
Let n(v) = v**3 - 4*v**2 + v - 5. Let u be n(4). What is the units digit of (3/6)/(u/(-20))?
0
Let n = 99 + -49. What is the units digit of n?
0
Suppose 0 = -z + w + 3*w - 2, 3*z = -w + 20. Let b(y) = -y**2 + 7*y - 5. What is the units digit of b(z)?
1
Let t(q) = -q - q**3 + 2*q - 4 + 5*q**2 - q**2. Let a be t(4). Suppose a = m + 2*r + 4, m + 2*r = 4*m - 28. What is the units digit of m?
6
Suppose 229 = 2*w + 3*z, 2*z + 2*z = 3*w - 301. What is the tens digit of w?
0
Let s(x) be the second derivative of -x**4/12 + 5*x**3/6 - x**2 + 2*x. Let z be s(3). Suppose -z*m - 20 = -3*p, -3*p = -2*p + 2*m. What is the units digit of p?
4
Suppose -2*p - 2*p + 224 = 0. Let k = 4 - -2. Suppose k*f = 2*f + p. What is the units digit of f?
4
Let w(f) = f**2 + 4*f - 8. Let p = -7 - 0. What is the tens digit of w(p)?
1
Let t = -1 - -1. Suppose 2*a = 2*z - t*a - 50, 5*z + a - 113 = 0. What is the tens digit of z?
2
What is the units digit of (-11)/33*(-245 - 1)?
2
What is the units digit of 1/((10/(-14))/(-5))?
7
Let x be (-56)/(-3) - 2/(-6). Let k = x - 29. Let s = 14 + k. What is the units digit of s?
4
Suppose j + 3*j - 80 = 0. Let n = j - 19. What is the units digit of n?
1
Suppose -c + v = 2*c - 106, 0 = 5*c + 4*v - 205. What is the units digit of c?
7
Let d be 6/(-2) + 16/2. Suppose d*p = 4*l + 16, -3*p - 3*l + 15 = -0*p. Suppose p*j - 5*v = 77, -2*v = 5*j + 2*v - 45. What is the units digit of j?
3
Let g = 4 + -2. Let p be ((-4)/16)/(g/(-136)). Suppose -n = -2*n + p. What is the units digit of n?
7
Let a(x) = x**3 - 9*x**2 + 9*x - 6. Let g be a(8). Suppose g*d = -5*f + 48, 0*d = -f + d + 11. What is the units digit of f?
0
Suppose -2*p = -4*p + 6. What is the units digit of p?
3
Let t = 6 - 18. Let y = 17 + t. Suppose -20 - 5 = -y*b. What is the units digit of b?
5
Let m be 2 + (1 - 1) + 13. Let o be -1 + 72/4 + 1. What is the units digit of (o/m)/((-3)/(-10))?
4
Let v = 12 - 7. Suppose -2*m + v*b + 40 = 0, 6*m - 55 = 3*m + 5*b. What is the units digit of m?
5
Suppose -2*v - 13 = -0*v + 5*k, -4*v = -5*k - 19. What is the units digit of v*1/2*6?
3
Let i(w) = -8*w - 5. What is the units digit of i(-8)?
9
Let u = 0 - -4. Let p be (2/u)/((-2)/24). Let y(x) = x**3 + 7*x**2 + 5*x - 1. What is the units digit of y(p)?
5
Suppose f - 3*v + 9 = -2*f, 4*f - v = -18. Let x = 8 - f. What is the units digit of x?
3
Suppose -2*p + 2*r + 9 = -p, 0 = 5*p - 5*r - 35. Suppose 3*u - 10 = p. Suppose 4 = 2*t - u*d + d, 5*t = -4*d + 10. What is the units digit of t?
2
Let c(g) = -2*g + 34. What is the tens digit of c(-17)?
6
Suppose -5*b - 5 = -0*b. Let i be b - (-1)/(-1)*-7. Suppose o = 2*o + 2*n - i, 2 = n. What is the units digit of o?
2
Let i(w) = w - 2. Let b be i(4). Let s(y) = 9 - 4*y + 4*y - y**b + 2. What is the tens digit of s(0)?
1
Let k = 90 - 34. Let h = k - 37. What is the tens digit of h?
1
Suppose -5*q = 7 + 68. Let n = q - -25. What is the units digit of 32/n - (-2)/(-10)?
3
Let u = 3 - 0. What is the units digit of u/(6/4) - -9?
1
Let n(u) = u**3 - 6*u**2 + 2*u - 3. Let r be n(5). Let f be (-1)/(-6) - (-21)/r. What is the units digit of f/4 - 34/(-8)?
4
Let x(h) be the second derivative of h**7/2520 + h**5/40 + h**4/6 + h. Let l(t) be the third derivative of x(t). What is the units digit of l(0)?
3
Suppose -4*k + 297 = -3*h, 3*h + 72 = 2*k - k. What is the tens digit of k?
7
Let l(k) = 8 + 2 + 3*k - 2*k. What is the units digit of l(15)?
5
Suppose 4*w = -5*y - 7, -y + 5*w + 18 = 2*y. What is the units digit of y?
1
Suppose -5*o - 144 = -i, 0 = -4*o + 5 + 11. What is the tens digit of i?
6
What is the tens digit of 6/18*(-2 + 44)?
1
Let n = 298 - 114. What is the units digit of n?
4
Suppose z = 1, 0 = 5*s + z - 0*z - 241. What is the tens dig